 and m.
4
Suppose -2*a - 5*u = -201, 1127 = 16*a - u - 604. What is the highest common divisor of a and 102?
6
Suppose -20*p + 60 + 620 = 40. What is the highest common divisor of 1912 and p?
8
Suppose -21*u - 1797 = -24*u. Let m be 1/5 - u*3/(-15). Let b be (-190)/(-4) - (-1)/2. What is the greatest common factor of m and b?
24
Let g = 18162 - 6085. What is the greatest common divisor of g and 26?
13
Suppose 0 = -5*u + 4*u + 26. Let j = 1115 + -1113. Calculate the greatest common divisor of u and j.
2
Let k = -5628 - -5871. Calculate the greatest common factor of k and 24.
3
Suppose -9 = -3*s, g + 4*s + 12 = -6. Let a be 13/5 - g/75. Let t be ((-64)/a)/((-8)/12). Calculate the highest common divisor of 16 and t.
16
Let v = -85 - -105. Let t(s) = -s**3 - 57*s**2 - 55*s + 76. Let z be t(-56). Calculate the greatest common divisor of v and z.
20
Suppose -3*o + 23 = 3*i - i, -2*o = -2. Let l be i/25 + (-83)/(-5). Let q(u) = u**2 + 9*u + 15. Let b be q(5). Calculate the highest common factor of l and b.
17
Let z(l) = l**3 + 35*l**2 - 117*l - 63. Let y be z(-38). Calculate the highest common divisor of 255 and y.
51
Let r = -265 - -169. Let p = r + 125. Let n = -4 - -33. What is the greatest common factor of n and p?
29
Let i be 4/3 - 10/(-15) - 0. Let t be (44/8 + (-2)/8)*-4. Let o be i/1 - (t + 3). What is the greatest common factor of o and 140?
20
Let v be 102 + (23 + 148)/9. Calculate the greatest common divisor of v and 858.
11
Suppose 661 = -7*p - 354. Let m = -133 - p. Suppose s + 6*s - 42 = 0. What is the greatest common factor of m and s?
6
Let v(a) = -13 + 35*a**2 - a**3 - 27*a**2 - 9*a + 38. Let i be v(7). Calculate the highest common divisor of i and 11.
11
Let d be 0*((-2 - -3) + 0). Suppose -68 = -5*t - y, 6*t - 4*t + 5*y - 18 = d. Calculate the greatest common factor of t and 266.
14
Suppose 0 = 5*w - 3*r - 9, 0 = w + 3*r + 9. Suppose -3*m = -12, -j + 10*m - 12*m + 43 = w. What is the greatest common divisor of j and 56?
7
Let q = 1025 + -929. Calculate the highest common factor of q and 558.
6
Let z be (-406)/(-3) - (-5)/(-15). Let v = -29184 + 29214. What is the highest common divisor of z and v?
15
Let v(s) = 9*s - 74. Let q be v(29). Let w = q + -184. Calculate the highest common factor of w and 81.
3
Suppose 4*v - 5*y - 137 = 1427, 5*y = -4*v + 1524. What is the greatest common factor of 1737 and v?
193
Suppose j - 17 - 116 = 0. Let y = -1543 + 1562. Calculate the greatest common factor of j and y.
19
Suppose 155*q - 257*q - 78 = -128*q. Calculate the greatest common factor of 771 and q.
3
Let t(h) = h**3 + 33*h**2 - 199*h - 154. Let m be t(6). Let q be (-800)/(-3) + 4/(-6). What is the highest common factor of m and q?
14
Suppose -9*z - 20 = -13*z. Suppose -4*u - 5*w = -50, z*w + 10 = -0*w. Calculate the greatest common factor of u and 75.
15
Let l = -40 + 36. Let u(q) = 14*q - 10. Let s be u(l). Let i = -27 - s. What is the highest common divisor of i and 13?
13
Suppose 3*l - 36 = -3*x, -5*x = x + l - 67. Calculate the greatest common factor of 16302 and x.
11
Suppose -z = -5*s, -z - 2*z + 17 = 2*s. Suppose q - 10*q = -27. Let b be (21 - s) + 0/(q - 0). What is the highest common factor of 160 and b?
20
Let j be 461/9 + (-6)/27. Let r(u) = -4*u - 23. Let w be r(-6). Let g be ((-141)/(-3))/w - -4. What is the greatest common divisor of j and g?
51
Let v be 100/12 + (-2)/6. Let t(q) = 4*q**2 - 12*q + 26. Let h be t(v). What is the greatest common factor of 62 and h?
62
Let u be (-4)/(-16) - 1181/4. Let i = 24 - u. What is the highest common factor of 11 and i?
11
Let r(y) = -25*y - 46. Let a be 6 - 230/40 - (-41)/(-4). Let s be r(a). What is the highest common factor of 12 and s?
12
Suppose -19 = -4*n + 17. Let s(y) = y**2 - 15*y + 57. Suppose 0 = -9*u + 4 + 59. Let k be s(u). What is the greatest common divisor of n and k?
1
Suppose 7*l - 112 = 3*l. Let o(s) = -4*s**2 - 7*s - 10. Let t be o(-2). Let k be (-7)/(-1)*(13 + t). Calculate the highest common factor of l and k.
7
Suppose 3 - 39 = -4*u. Suppose 15 - 108 = -w - 3*c, 0 = -w - 5*c + 83. Let x be (15/(-45))/((-2)/w). What is the highest common divisor of u and x?
9
Suppose 2*a + 3 = 9, 0 = -2*w + 2*a + 74. Suppose -n + 547 = -4*g - 2283, -1412 = 2*g + n. Let b = g + 717. What is the greatest common divisor of b and w?
10
Suppose -131397 + 11185 = -20*r - 13012. Calculate the highest common factor of 80 and r.
80
Let o(x) = 4*x + 18. Let f be o(5). Let n = -63 + f. Let b = n - -75. What is the highest common factor of b and 10?
10
Suppose -11*p = -4*v - 14*p - 3, 6 = -v + p. Let n(x) = x**2 + 5*x - 5. Let f be n(-4). Let t = v - f. What is the greatest common factor of 3 and t?
3
Let g = -21661 - -23209. Calculate the highest common factor of 414 and g.
18
Let f = 4781 + -4766. Let x = -6 + 9. Let n = x - -7. What is the highest common factor of n and f?
5
Suppose 7*x - 3 = 11. Suppose -14 = -x*t + 3*t + 4*c, -6 = 5*t + 4*c. Suppose -t*z + 41 = -25. What is the greatest common factor of z and 3?
3
Let l be 3 - -113 - (13 + -29 + 24). What is the greatest common divisor of l and 4320?
108
Suppose 50283 = 20*g - 8*g - 34461. Calculate the highest common divisor of 428 and g.
214
Suppose -f = 5*f - 276. Let u = f - 43. Let v be 2/((-33)/77 + 46/42). What is the highest common factor of v and u?
3
Let w(t) = -14 + 21*t - 4*t - t**2 + 0. Let b be w(16). Suppose 3*g - 25 = -4*u, 3*u + 123*g - 5 = 118*g. Calculate the greatest common factor of u and b.
2
Let f = 49 + -27. Suppose -8*c + 863 - 503 = 0. Let v be (3/(-2))/(c/(-660)). Calculate the greatest common factor of f and v.
22
Let s = -33629 - -33836. What is the highest common divisor of s and 5589?
207
Suppose 1261*z - 1266*z + 750 = 0. What is the highest common divisor of z and 42?
6
Suppose 20*a - 16*a = w - 20, 26 = 3*w + 5*a. Let h(m) = -2*m - 10. Let z be h(-14). What is the greatest common divisor of w and z?
6
Let s be (-2530)/(-35) - 4/14. Suppose -10*h - 394 = -634. Calculate the highest common factor of h and s.
24
Suppose 5*i - 13 = 2. Suppose 2*n = x - 8, -3*x + 0*n + 4*n = -18. Suppose -4 = -x*w - 2*w. Calculate the greatest common factor of i and w.
1
Let v be 1 + -7 + (65 - -151). Calculate the highest common factor of 84 and v.
42
Suppose 4*b + b - 5*h = 5, -3*b + 24 = 4*h. Let p be (-2)/(-1)*6/(-4) - 138. Let z = 143 + p. Calculate the greatest common factor of b and z.
2
Let y be (-3)/(-7) - 432/126. Let k be (-1209)/y + 3/(1 + 0). What is the greatest common divisor of k and 58?
58
Let y = 104 + -4. Let i(k) = 4*k**2 + 9*k + 17. Let l be i(-7). What is the highest common divisor of y and l?
50
Suppose 0 = 96*z - 242983 - 86777. Calculate the highest common factor of 30 and z.
15
Suppose 4*h + 28 = -4*y - 0*h, -2*y = 3*h + 18. Let b be 476 + (-5 - (y + 2)). Calculate the highest common factor of b and 59.
59
Suppose h = -3*r + r + 94, -h = r - 49. Suppose -98 - 7 = -q. Calculate the highest common factor of q and r.
15
Suppose -4*g + 40*s - 35*s = -10220, -3*g = -4*s - 7664. Calculate the highest common factor of 40 and g.
40
Let w(k) = 36*k + 27. Let v(y) = -34*y - 27. Let g(r) = 5*v(r) + 4*w(r). Let c be g(-2). What is the highest common factor of c and 35?
5
Suppose -2*l = -3*l + 4, 3*l = -2*k - 58. Let r = 38 + k. Let d = r - -2. What is the highest common divisor of 15 and d?
5
Let h be (((-54)/(-2))/1)/(-16 + 12045/750). Calculate the greatest common divisor of h and 930.
30
Let x be (-8)/(72/(-27))*114. What is the highest common factor of x and 456?
114
Let g be (-56)/(-42)*54/8. Let r be ((-38)/8)/((g/(-24))/3). Calculate the greatest common factor of 76 and r.
38
Suppose 2*y + 8*y + 180 = 0. Let p = y - -24. Let w(u) = u**3 + 16*u**2 + 11*u + 6. Let c be w(-15). Calculate the greatest common divisor of c and p.
6
Let b be -5*433/(-5) - (96/6)/(-4). What is the highest common divisor of 46 and b?
23
Suppose -2556 = 16*w - 25*w. What is the greatest common factor of w and 4?
4
Let z = -333 - -407. Let g = -67 + 7. Let l = g + z. Calculate the greatest common factor of 126 and l.
14
Let c = 65 - 64. Let h be 105/21 + 0 + c. Let i(j) = -j**2 + 9*j. Let w be i(h). What is the greatest common divisor of w and 27?
9
Let p(i) = 2*i**3 - 15*i**2 - 56*i + 230. Let z be p(10). What is the greatest co